6)/14)/(2/14). Let m be ((-8)/5)/(5 + (-276)/60). List the prime factors of (m + t/5)*35/(-1).
2, 7, 19
Let m = 292 + 1246. Let a = m - 703. What are the prime factors of a?
5, 167
Suppose -3*d - 4*u = -7285, 36*u + 7283 = 3*d + 38*u. What are the prime factors of d?
3, 809
Let k(m) = 32*m**2 - 203*m - 1970. List the prime factors of k(-11).
5, 827
Let x be (-75)/(-6)*42/3. Suppose 0 = -3*u + 119 + x. List the prime factors of u.
2, 7
Let p(o) = 12*o**2 - 66*o - 24. Let b be p(11). Let z = -472 + b. What are the prime factors of z?
2, 5, 23
Let c(y) be the third derivative of 7*y**5/60 - y**4/4 - 4*y**3/3 - 61*y**2. What are the prime factors of c(-3)?
73
Suppose 1170 = -2*p - 4*s, -2*s + 2120 = -3*p + 405. Let v = p - -866. What are the prime factors of v?
3, 97
Let g(d) = -20*d - 9. Let w = 4 + 0. Suppose -w*r = -0*r - 2*z + 10, -4*r + 4*z - 12 = 0. What are the prime factors of g(r)?
31
Let r(q) = 5*q**2 + 11*q - 8. Let l be r(-4). Let y be 3/6*7*18. Let v = y - l. List the prime factors of v.
5, 7
Let t(x) = -x**3 - 13*x**2 + 16*x + 36. Let p(m) = 9*m + 92. Let v be p(-12). What are the prime factors of t(v)?
2, 137
Suppose 15*s + 29*s = 88748. List the prime factors of s.
2017
Let b(r) = -r**3 - 41*r**2 - 227*r + 90. List the prime factors of b(-44).
2, 13, 47
What are the prime factors of 4887 - ((-528)/72 - (-6)/(-9))?
5, 11, 89
Let t(u) = 3908*u + 974. What are the prime factors of t(5)?
2, 3, 13, 263
Let c = 252 + -256. What are the prime factors of (134/c)/((-22)/44)?
67
Suppose -1568*n = -1364*n - 11532936. List the prime factors of n.
2, 23, 1229
List the prime factors of -10*1/(5/3546*-2).
2, 3, 197
Suppose -1000 = -d - 4*c, -739 = -5*d + c + 4177. Let j = 1759 - d. What are the prime factors of j?
5, 31
Suppose 5*p - z = 78170, p + 3*z + 15648 = 2*p. List the prime factors of p.
3, 193
Let t = -690 - -6923. List the prime factors of t.
23, 271
Suppose 10 = 6*o - 2. Suppose -106 = o*a - 662. List the prime factors of a.
2, 139
Let y(v) be the second derivative of 6*v**2 - 1/20*v**5 + 23*v - 13/6*v**3 + 13/12*v**4 + 0. List the prime factors of y(5).
3, 7
Let f(w) be the first derivative of w**4/4 + 11*w**3/3 - 13*w**2/2 - 14*w + 44. List the prime factors of f(-9).
5, 53
Let g(y) = 115*y - 12. Let n be g(8). Suppose n - 3626 = -9*f. What are the prime factors of f?
2, 151
Let b(g) = g**3 + 23*g**2 - 24*g + 3. Let f be b(-24). Let u(q) = -9 - 20 + 4*q + q**2 - f*q + 3*q. What are the prime factors of u(-12)?
67
Let c(i) = 2*i**3 - 4*i**2 - 3*i + 9. Let x be c(3). Let l = -16 + x. Suppose -l*y = 2*y - 432. What are the prime factors of y?
2, 3
Suppose x + 94 = 2*x. Suppose -5*o + x = -3*o - 2*b, -b - 247 = -5*o. Suppose 14*l - 904 = -o. List the prime factors of l.
61
Suppose 0 = -2*d - l + 29330, 22*d - 27*d = -l - 73346. What are the prime factors of d?
2, 19, 193
What are the prime factors of (791/(-3))/(55/(-990))?
2, 3, 7, 113
Suppose -79*k + 228*k - 878951 = 0. What are the prime factors of k?
17, 347
Suppose 4*v = -5*c + 228, 0 = -5*v - 3*c + 7*c + 244. Suppose -5*p + r = v, 5*r - 24 = 2*p + 3*r. Let a(y) = -9*y + 30. List the prime factors of a(p).
2, 3, 5
Let g = -48 - -48. Suppose g = 8*d - 10*d + 28. Suppose -824 = d*s - 18*s. What are the prime factors of s?
2, 103
Let q(z) = -z**3 + 2*z - 4. Let i be q(-2). Let g(w) = -3*w**2 - w + 295. List the prime factors of g(i).
5, 59
Suppose -a + 12 = -11. Suppose 0 = a*w - 27*w + 68. Let b(j) = -j**3 + 18*j**2 - 10*j + 1. What are the prime factors of b(w)?
2, 3, 5
Suppose -q = 3*t + 2*q + 1053, 1053 = -3*t + 3*q. Let s = t + 532. What are the prime factors of s?
181
Suppose 3*t - 95532 = -3*x, 0 = -13*t + 9*t + 5*x + 127421. What are the prime factors of t?
31849
Let b = -261 - -252. What are the prime factors of -1 - ((-1715)/21 - (-3)/b)?
3
Let y be 1/4 - (-1)/(-4). Let f(c) = -3*c**2 - 39*c - 27. Let v be f(-12). Let s = v + y. What are the prime factors of s?
3
Let b = -2065 - -5384. List the prime factors of b.
3319
Let g be (-2 - -88)/(3 + -1). Suppose 0 = 3*m + m - 2*x - 54, -3*m + g = x. Let n = m + 7. What are the prime factors of n?
3, 7
Suppose -2*u = 2*a - 100, 0*a - 3*a + 158 = 5*u. Let j = a + -42. Suppose m - j = 3*m, 5*x = -3*m + 224. What are the prime factors of x?
2, 23
Let r(i) = -3*i**3 + 2*i**2 + 4*i + 7. Let t(c) = 24*c - 2. Let n be t(-1). Let l = 23 + n. List the prime factors of r(l).
2, 47
Let y be (2 - 5) + 2 + 1 + 155. Let r = 243 - y. Suppose -28 = 4*n - r. List the prime factors of n.
3, 5
Let b(a) be the third derivative of a**7/1680 + a**6/72 - 3*a**5/20 - 5*a**2. Let i(z) be the third derivative of b(z). List the prime factors of i(7).
31
Suppose -2*h = 2*f - 18, 35 = 4*f - 4*h - 41. Suppose -f*t + 51 = -11*t. What are the prime factors of t?
17
Suppose 1220*r = 1227*r - 42462. List the prime factors of r.
2, 3, 337
Let y(n) = 8*n**2 + n - 356. List the prime factors of y(-40).
2, 7, 443
Let g be 29*(1 + -4 + 87). Suppose 808 = l + s, 3*l + s = 2*s + g. What are the prime factors of l?
811
Suppose 3*n = 391 - 34. Suppose -n = -h + 100. Let s = -82 + h. What are the prime factors of s?
137
Let d = 14099 + -9250. What are the prime factors of d?
13, 373
Let j = -34 - -41. Suppose j*s = 1585 + 1320. What are the prime factors of s?
5, 83
Let j = 20195 - 9584. List the prime factors of j.
3, 131
Suppose -32 = 3*y + 4*p - 794, 0 = 5*p - 15. Let s = y + -20. What are the prime factors of s?
2, 5, 23
Let j(s) = -3206*s + 3879. List the prime factors of j(-9).
3, 3637
Suppose 29656*d = 29635*d + 197799. List the prime factors of d.
9419
Let o be (1428/16)/(-17)*(-32)/6. Suppose o*s - 24*s - 1592 = 0. What are the prime factors of s?
2, 199
Suppose 6 = -w + 4*t + 3, -4*t + 8 = 0. Let z(x) = x. Let l be z(w). Suppose 4 = l*n - 16, 2*n = 5*q - 417. What are the prime factors of q?
5, 17
Let b = 88 - 87. Let n be (-836)/(-28) + b/7. What are the prime factors of -2*2/(-6)*n?
2, 5
Let v(o) = -59*o - 45. Suppose -3*w + 4 = -4*w. What are the prime factors of v(w)?
191
Let a be (-195)/78*(-36)/(-10). What are the prime factors of ((-264)/18)/(6/a)?
2, 11
Let y(c) = 13*c**2 + 484*c - 171. What are the prime factors of y(-53)?
2, 5347
Let o(h) = -77*h + 41. Let s be o(-8). Suppose j - s = -5*u - 94, -j = -u + 109. What are the prime factors of u?
2, 7
Let t = 1447 + -417. What are the prime factors of (4*t)/4 - (-3 + 1)?
2, 3, 43
Suppose 0 = -4*f + 2*n + 18159 + 2587, -4*f + 20739 = 5*n. Suppose -17*t = -f - 3263. What are the prime factors of t?
7, 71
Let l = 352 - -464. Suppose 55*q + l = 58*q. What are the prime factors of q?
2, 17
Let g = -29194 - -41584. What are the prime factors of g?
2, 3, 5, 7, 59
Let t = -4096 - -4532. Suppose -5*f = m + m - 15, 4*f - 2*m - 12 = 0. Suppose -f*l + t = l. What are the prime factors of l?
109
Suppose 0 = 3*l - 4*l + 3. Suppose 3*o = -2*m + 426, -3*m = 2*o - 307 + 18. What are the prime factors of o/3 - l/(-9)?
47
What are the prime factors of 47/((-1081)/(-1322316))*4/6?
2, 3, 1597
Let n(u) be the second derivative of -53*u**3/2 + u**2/2 + 23*u. Let q be n(1). Let x = q + 278. List the prime factors of x.
2, 3, 5
Let v be 3/(6 + (-305)/51). Let u = -131 + v. What are the prime factors of u?
2, 11
Let g(d) = 35*d**2 - 10*d + 89. Let k be g(10). Suppose k + 1571 = 11*v. What are the prime factors of v?
2, 5, 23
Suppose 4*x - 3*y - 177 = -20, 0 = 4*x - 2*y - 154. Let s = x - 42. List the prime factors of (-120)/(0 - (s - -6)).
2, 3, 5
Suppose 30*a = 65 + 85. What are the prime factors of (-5)/(-12 - -11)*243/a?
3
Suppose 0 = -2*y - t + 3374, 5*y + 60*t - 8433 = 58*t. Let j = y - 1181. List the prime factors of j.
2, 3, 7
Suppose -4*x = -2*c + 12420 + 7538, -x - 19952 = -2*c. What are the prime factors of (-9)/12 - c/(-20)?
2, 3, 83
Let s = 14928 - 7007. What are the prime factors of s?
89
Let g = -86 - -91. Suppose -2*u = 0, 4*c + g*u - 7257 = -705. Suppose 0 = -12*i + c - 18. List the prime factors of i.
3, 5
Suppose 5*p = 4*j + 76 - 5, 3*p + 79 = -4*j. What are the prime factors of j/(-38)*(-4 - -2794)?
3, 5, 31
What are the prime factors of ((-180)/480 - (-3)/(-24))/((-2)/151964)?
37991
Let j(y) = -105*y - 1. Let f(r) = -70*r - 1. Let w(n) = -7*f(n) + 5*j(n). Let g be w(1). Let a = 59 + g. List the prime factors of 